 = f*n + 259, -3*n + 392 + 65 = 5*g. What is the tens digit of g?
8
Suppose n + 5 = 6. What is the tens digit of 264/40*(-2 + n)*-30?
9
Let g(m) = -44*m + 88. What is the tens digit of g(-8)?
4
Let r(f) be the first derivative of f**3/3 + 17*f**2/2 + 43*f - 26. What is the units digit of r(-15)?
3
Suppose 10*g - 14*g + 5*a = -1411, -5*a = -3*g + 1062. What is the tens digit of g?
4
Let s be 1 + 1 + 142 - 0. Suppose u = 4*u - s. What is the tens digit of u?
4
Suppose -18*v = -12*v - 1314. What is the tens digit of v?
1
Let y(v) = -4*v - 2. Let o be y(-3). Suppose 2*l + o = 2, 5*m - 8 = 2*l. What is the units digit of -3 + 3 - (-2 - m)?
2
Let p = -114 - -118. Suppose -p*g = -248 - 800. What is the tens digit of g?
6
Let n = 242 + -137. What is the tens digit of n?
0
Suppose 2*d + 1070 = 5*q + 4*d, -d = 3*q - 642. What is the units digit of q?
4
What is the units digit of ((-381)/(-254))/(1 + 3573/(-3574))?
1
Suppose -7*d = -200 - 290. What is the tens digit of d?
7
Suppose 5*y + 59*v = 64*v + 465, 367 = 4*y - 3*v. What is the tens digit of y?
8
Suppose -10 = 5*t + 15, -b + 3*t = -20. Suppose 0 = -b*a + 5*c + 38 + 87, a = -4*c + 20. What is the units digit of a?
4
Suppose 1428 = 5*d - s - 590, 2*d = -2*s + 812. What is the units digit of d?
4
Suppose 2*h = -h - 63. Let x be 8/28 + (-561)/h. Let c = x + 1. What is the units digit of c?
8
Suppose 0 = 61*a - 20*a - 88519. What is the hundreds digit of a?
1
Let q be (1 - 0) + (-4)/((-4)/189). What is the tens digit of q/6 - (-8)/(-12)?
3
Suppose -3*i = -5*m - 179, 3*i - 7 = 2. Let s = m - -32. What is the units digit of ((-174 + s)/(-4))/2?
2
Let i(h) = -57*h - 181. What is the hundreds digit of i(-13)?
5
Let z be 6 + -6 - (-11)/1. Let i = 51 - z. Suppose -d + 3*d - i = 0. What is the tens digit of d?
2
Let u(q) = 4*q**3 + 11*q**2 - q + 3. What is the units digit of u(7)?
7
Suppose 7*v - 2*v - 15 = -w, 2*v + 5*w - 6 = 0. Suppose -5*t = -4*p - 2*t + 12, 3*p - 34 = -4*t. What is the units digit of (-8)/p + 76/v?
4
What is the tens digit of (-6)/((-66)/5905) + (-6)/(-33)?
3
Let d be 5/(-6) - 5/30. Let k be 2 + (d - -2 - -2). Suppose -4*h = k*j - 80, 3*h - j - 13 = 28. What is the units digit of h?
5
Let b = 4787 - 1058. What is the hundreds digit of b?
7
What is the hundreds digit of (-8 + (-6920)/(-30))/(4/54)?
0
Suppose 0 = 29*i - 24*i - 15. Suppose 0 = i*r + 5*r - 944. What is the units digit of r?
8
Suppose 0*x + 3*x - 867 = 0. Suppose -12*i + x = -347. What is the units digit of i?
3
Let w = 23 - 21. Let b be 80 + 8/w + -2. Suppose -24 + b = y. What is the units digit of y?
8
What is the units digit of (34 - 32)/((-2)/(-479))?
9
Let a(t) = -2*t - 11. Let v be a(-10). Suppose 0 = v*y - 4*y - 20. Suppose -y*j + 86 = -2. What is the units digit of j?
2
Let q(y) = 99*y - 223. What is the tens digit of q(13)?
6
Let k(z) = z**2 - 17*z + 2669. What is the thousands digit of k(0)?
2
Let n(l) = 19*l - 22. Let o(q) = 18*q - 22. Let g(y) = 5*n(y) - 6*o(y). What is the tens digit of g(-5)?
8
Let k(t) = -t**2 + 3*t + 14. Let o be k(-6). What is the units digit of (-68)/o*206 - (-1)/(-5)?
0
Suppose -8*g = 2*g - 6510. What is the units digit of g?
1
Let n(t) be the first derivative of -27*t**2 + 8*t - 9. What is the tens digit of n(-1)?
6
Let a(p) = -11*p**2 - 1. Let f be a(2). Let q be 10/f - 122/18. Let z(i) = -i**3 - 8*i**2 - 9*i - 3. What is the units digit of z(q)?
1
Let t = -157 + 112. Let j be (36/t)/(2/(-5)). Suppose -l = j*i - 60, -118 = -3*i - i - 3*l. What is the tens digit of i?
3
Let v(p) be the second derivative of -p**4/12 - 7*p**3/3 + 23*p**2/2 + p - 7. What is the units digit of v(-9)?
8
Suppose x = 120 + 87. Let q = -126 + x. What is the tens digit of q?
8
Let o = 13 + 20. Let y = -30 + o. Suppose -y*v - 4*i + i = 0, 2*v + 5*i = -12. What is the units digit of v?
4
Let q = -268 - -67. Let t = 332 + q. What is the hundreds digit of t?
1
Let i = 14 + 11. Suppose j - 82 + i = 0. What is the tens digit of j?
5
Let q = 32 + -28. Suppose 7*b - q*b + 63 = 0. What is the tens digit of (-12)/(-6)*(1 - b)?
4
Let c be 2123/7 - 4/14. Suppose h - 3*y = 5*h - 641, -2*h - 5*y = -c. What is the tens digit of h?
6
Let q be 12 - (-3 + (-18)/(-3)). Let m be (0 - q/3)*-6. Let h = m - -4. What is the units digit of h?
2
Suppose 2*q = -8*q + 50. Suppose 0 = q*c - 2*u - 864, -3*u = 2*c - 5*u - 342. What is the tens digit of c?
7
Let y(s) = s**3 - 5*s**2 + 21*s + 37. What is the tens digit of y(10)?
4
Suppose 9152 = 8*k - 23656. What is the thousands digit of k?
4
What is the units digit of (-2*(-214)/3)/(2/3)?
4
Let v(y) = -y**3 + 12*y**2 - 9*y - 25. Let h be v(11). What is the units digit of (-2)/(h - -5)*23/(-1)?
3
Let x be (27/54)/((-2)/636*-1). Suppose 5*q = -2*z + x, -z - 4*q + 372 = 4*z. What is the tens digit of z?
7
Let m = 75 - -63. What is the hundreds digit of m?
1
Let r be (66/(-30))/(1/(-5)). Let l(q) = q**3 - 10*q**2 - 6*q - 15. Let z be l(r). Let v = z - 7. What is the units digit of v?
3
Let u be (2 - (1 - 76)) + (3 - 4). Suppose 3*l - l + 4*c = u, 3*l - 130 = 2*c. What is the tens digit of l?
4
Let q = -57 + 111. Suppose -2*w + q = -3*i, 0*w + 70 = 3*w + i. Suppose 205 = -w*f + 29*f. What is the units digit of f?
1
Suppose 5 = 10*z - 15. Suppose -7*c - 224 = -4*k - 3*c, 0 = -5*k + z*c + 283. What is the units digit of k?
7
Let b(w) = -w**2 + 16*w + 1. Let y be b(23). Let o = y + 184. What is the units digit of o?
4
Let w = 986 + -908. What is the tens digit of w?
7
Suppose -2*p + 0*j + 16 = 2*j, -5*p + 5*j + 80 = 0. What is the hundreds digit of (-3)/(-2)*1112/p + -2?
1
Suppose b - 2 = 1. Let u(z) = 10*z**2 - 5*z + 9. What is the tens digit of u(b)?
8
Let x be (4/(-6))/((-12)/18). Let y be -4 + x - (-6 + 3). Let h = 8 + y. What is the units digit of h?
8
Let i = 119 - 65. Let y = i - 39. What is the tens digit of y?
1
Suppose -4*m = 2*s - 12, 0 = 4*s - 7*m + 2*m + 15. Suppose 6 + s = w - 4*v, 0 = w - v - 3. Suppose -w*r = -46 + 8. What is the units digit of r?
9
Let c(q) = 55*q**2 + 16*q + 39. What is the tens digit of c(-3)?
8
Suppose 7*v = 2*v - 75. Let h be ((-36)/v)/((-8)/(-100)). Let i = 54 - h. What is the tens digit of i?
2
Let j(o) = -3 + 2 + 11*o + 13. Suppose -r = -l - 10, l = -4*r + 4*l + 35. What is the tens digit of j(r)?
6
Let s(w) = -4*w - 132 - 124 + 235 + w**2 + 0*w**2. What is the units digit of s(-4)?
1
Let r = 97 + -55. Suppose 0*m - 2*m + r = 3*k, 5*k = -5*m + 105. Suppose -2*x - 3*a + m = x, 5*x = 3*a + 43. What is the units digit of x?
8
Let j(h) = 283*h**2 - 2*h - 2. Let g be j(-2). Suppose 390 + g = 6*l. What is the hundreds digit of l?
2
Suppose -2926 = -s - 13*s. What is the tens digit of s?
0
Suppose 0 = 3*z + 3*f - 8*f - 4, -2*z + 3*f + 1 = 0. Let l be (-4)/(-8) + (-99)/(-6). Let a = z + l. What is the units digit of a?
0
Suppose -2*p - 23*z + 19*z + 1208 = 0, -5*z = 3*p - 1813. What is the tens digit of p?
0
Suppose -3*t + 565 = -2822. What is the tens digit of t?
2
Let a(v) = -v**3 - 16*v**2 + 24*v - 44. What is the tens digit of a(-18)?
7
Let v = -269 + 777. Suppose 3*u - 237 = -3*o, -2*u - v = -5*o - 99. Suppose 3*c + 3*j - 57 = 6, 4*c + 5*j - o = 0. What is the units digit of c?
4
Let u(f) = 397*f - 1252. What is the units digit of u(7)?
7
Suppose 3 = -z + 4*j - 1, 4*j = 4*z - 20. Let i = z + -7. What is the units digit of (-1 + 4)*i + 12?
5
Suppose -4*d = 5*d - 4788. Suppose j = -x + 5*j + 272, -2*x - 4*j + d = 0. What is the units digit of x?
8
Suppose 1 + 9 = v. Let k(b) = b**3 + 5*b**2 - 5*b - 2. Let f be k(-6). Let w = f + v. What is the units digit of w?
2
Let w be (10/15)/((-2)/(-6)). Let n(a) = a + 4. Let l be n(-7). Let i = w - l. What is the units digit of i?
5
Let p = 11 + -11. Suppose p = t + 28 - 112. What is the units digit of t/10 + 2/(-5)?
8
Suppose 10*j - 15*j - 3*s = -1304, 4*j + 2*s = 1042. Suppose -2*i - j = -651. What is the units digit of i?
6
Let i(h) = -3*h**3 - 5*h**2 + h - 6. Let b be i(-3). Let m(n) = 2*n + 2 - 28*n**2 + b*n**2 + 8*n**3 - 5. What is the tens digit of m(2)?
6
Suppose -g - 2*g + 2*a + 70 = 0, 5*g - 120 = 4*a. Suppose 3*w + 3 = -6. What is the tens digit of w*(3 + -2) + g?
1
Let x(r) = 2*r**2 + 12*r - 40. Let y be x(-17). Suppose 5*t - 415 - y = -2*n, 4*n = -t + 139. What is the hundreds digit of t?
1
Suppose -1226 = -k + 